{"id":669,"date":"2019-02-11T14:50:04","date_gmt":"2019-02-11T14:50:04","guid":{"rendered":"https:\/\/stari.plantaze.com\/product\/vranac-pro-corde\/"},"modified":"2023-11-21T15:51:50","modified_gmt":"2023-11-21T15:51:50","slug":"vranac-pro-corde","status":"publish","type":"product","link":"https:\/\/stari.plantaze.com\/en\/product\/vranac-pro-corde\/","title":{"rendered":"Vranac Pro Corde"},"content":{"rendered":"<p>After seven years of research and tens of different micro and macro trials, at the beginning of the \u201890s a completely new technology of the vinification was designed and in 1993, Vranac of the specific name \u2018Pro Corde(\u2018for heart\u2019) was launched at the market.Traditional maceration and vinification were performed during production of the wine Pro Corde, by special technological procedure, resulting in the increased contents of proanthocyanidols, natural ingredients of the grapes that can bind the free radicals and they have a beneficial effect on the human body.\u00a0The colour of the wine is dark ruby.On nose, expressed , fruity aromas with the dominating blackberry and cherry aromas . Well balanced wine with noticeable tannins that are finely harmonized with the tones of the ripe, red fruit. The wine is full bodied and longlasting.<\/p>\n<hr \/>\n<h3>Serving<\/h3>\n<p>Temperature: 17-18<span lang=\"sr-Latn-BA\">\u00b0C<\/span><\/p>\n<p>Glass: U<span>niversal red wine glass <\/span><\/p>\n<div>\n<hr \/>\n<\/div>\n<h3><strong>Food pairing<\/strong><\/h3>\n<p>Pro Corde is ideal with the good quality, young beef meat-\u00a0 the beefsteaks, roasted lamb meat, game meat as well as with the poultry-with the roasted goose or duck . It matches great with the spicy goulash as well as with the grilled tuna fish. It is perfect with mature, hard cheese.<\/p>\n<hr \/>\n<p><strong>Awards<\/strong><\/p>\n<table>\n<tbody>\n<tr>\n<td width=\"349\"><strong style=\"font-family: inherit; font-size: inherit;\">2019<\/strong><\/p>\n<p>Pro Corde 2015, Silver medal, Decanter World Wine Awards, London<\/p>\n<p>Pro Corde 2015, Silver medal, AWC Vienna<\/p>\n<p>Pro Corde 2015, Silver medal, CWSA, Hong Kong<\/p>\n<p><strong>2018<\/strong><\/p>\n<p>Pro Corde 2013, Silver medal, AWC, Vienna<\/p>\n<p>Pro Corde 2013, Bronze medal, BIWC, Sophia<\/p>\n<p><strong>2017<\/strong><\/p>\n<p>Vranac Pro Corde 2013, Silver medal, Mundus Vini, Germany<\/p>\n<p>Pro Corde 2013, AWC Vienna, Gold medal<\/p>\n<p>Pro Corde 2013, Silver medal, BIWC, Sophia<\/p>\n<p><strong>2014<\/strong><\/p>\n<p>Vranac Pro Corde 2011, Silver medal, MUNSUS VINI 2014, Germany<\/p>\n<p>Vranac Pro Corde 2011, Silver medal, IWSC 2014, Great Britain<\/p>\n<p>Vranac Pro Corde 2011, Silver medal, Vinagora, Hungary<\/p>\n<p>Vranac Pro Corde 2011, Gold medal, Vino Ljubljana, Slovenia<\/p>\n<p><strong>2013<\/strong><\/p>\n<p>Vranac Pro Corde 2010, Bronze medal, Decanter Word Wine Awards, Great Britain<\/p>\n<p>Vranac Pro Corde 2010, Gold medal, Balkan International Wine Competition and Festival, Bulgaria<\/p>\n<p>Vranac Pro Corde 2010, Gold medal, International Wine Contest Bucharest, Bulgaria<\/p>\n<p>Vranac Pro Corde 2010, Silver medal, Mundus Vini, Germany<\/p>\n<p>Vranac Pro Corde 2010, Silver medal, AWC Vienna, Austria<\/p>\n<p><strong>2012<\/strong><\/p>\n<p>Vranac Pro Corde 2007, Silver medal, Wine Festival San Antonio, USA<\/p>\n<p>Vranac Pro Corde 2010, Gold medal, AWC Vienna, Austria<\/p>\n<p>Vranac Pro Corde 2009, Silver medal, MONDE SELECTION, Belgium<\/p>\n<p>Vranac Pro Corde 2009, Silver medal, The China Wine Awards, Hong Kong<\/p>\n<p>Vranac Pro Corde 2009, Gold medal, International Fair Novi Sad, Serbia<\/p>\n<p>Vranac Pro Corde 2009, Gold medal, Jadranski sajam Budva, Montenegro<\/p>\n<p><strong>2011<\/strong><\/p>\n<p>Vranac Pro Corde 2008, Silver medal, Decanter, Great Britain<\/p>\n<p>Vranac Pro Corde 2008, Silver medal, Mundus Vini, Germany<\/p>\n<p>Vranac Pro Corde 2008, Bronze medal, China Wine Awards, China<\/p>\n<p>Vranac Pro Corde 2008, Gold medal, Jadranski sajam Budva, Montenegro<\/p>\n<p>Vranac Pro Corde 2008, Gold medal, International Fair Novi Sad, Serbia<\/p>\n<p><strong>2010<\/strong><\/p>\n<p>Vranac Pro Corde 2007, Gold medal, Les Citadelles Du Vin, France<\/p>\n<p>Vranac Pro Corde 2007, Gold medal, Vinagora, Hungary<\/p>\n<p>Vranac Pro Corde 2007, Gold medal, AWC Vienna, Austria<\/p>\n<p>Vranac Pro Corde 2007, Silver medal, Vino Slovenija, Slovenia<\/p>\n<p>Vranac Pro Corde 2007, Gold medal, VINOVITA, Croatia<\/p>\n<p>Vranac Pro Corde 2007, Gold medal, Gast Mix, Croatia<\/p>\n<p>Vranac Pro Corde 2007, Gold medal, Jadranski sajam Budva, Montenegro<\/td>\n<\/tr>\n<\/tbody>\n<\/table>\n<h3><strong>Harvest<\/strong><\/h3>\n<p>Despite extremely high temperatures and dry weather, the harvest 2015 was of the extraordinary quality, not only for the production of the reds, but also of the whites. The grapes were in the excellent health condition. The harvest was done by night only (due to low temperatures) for\u00a0preserving full, aromatic potential of the grapes.<\/p>\n<h3><strong>Vineyard <\/strong><\/h3>\n<table>\n<tbody>\n<tr>\n<td>VITICULTURAL AREA<\/td>\n<td><span>Podgorica subregion, Montenegrin basin of Lake Skadar<\/span><span><\/span><\/td>\n<\/tr>\n<tr>\n<td>LOCATION<\/td>\n<td>\u0106emovsko polje, microlocalities : \u0160ip\u010danik<span>\u00a0 <\/span>and Aerodrom<\/td>\n<\/tr>\n<tr>\n<td>EXPOSITION<\/td>\n<td>east-west<\/td>\n<\/tr>\n<tr>\n<td>SOIL<\/td>\n<td><span>shallow, skeletal soil <\/span><span><\/span><\/td>\n<\/tr>\n<tr>\n<td>PLANTING DENSITY<\/td>\n<td><span>2.60\u00d70.80 m<\/span><\/td>\n<\/tr>\n<tr>\n<td>CULTIVATION<\/td>\n<td><span lang=\"FR\">bilateral Guyot <\/span><span><\/span><\/td>\n<\/tr>\n<tr>\n<td>AVERAGE AGE OF GRAPEVINE<\/td>\n<td><span lang=\"FR\">36 years<\/span><span><\/span><\/td>\n<\/tr>\n<\/tbody>\n<\/table>\n<h3><strong>Technical information<\/strong><\/h3>\n<table>\n<tbody>\n<tr>\n<td>GRAPE VARIETY<\/td>\n<td><span>100% Vranac<\/span><span><\/span><\/td>\n<\/tr>\n<tr>\n<td>YIELD<\/td>\n<td><span>7<b>\u2013<\/b>8 t\/ha<\/span><span><\/span><\/td>\n<\/tr>\n<tr>\n<td>HARVEST TIME<\/td>\n<td>\u00a0September, manually<\/td>\n<\/tr>\n<tr>\n<td>VINIFICATION<\/td>\n<td><span>vinification in the inox tank <\/span><span><\/span><\/td>\n<\/tr>\n<tr>\n<td>TEMPERATURE OF FERMENTATION<\/td>\n<td>up to 18 \u00b0C<\/td>\n<\/tr>\n<tr>\n<td><span>Length of fermentation<\/span><span><\/span><\/td>\n<td><span>10\u201312 days<\/span><span><\/span><\/td>\n<\/tr>\n<tr>\n<td>MALOLACTIC FERMENTATION<\/td>\n<td><span>spontaneous<\/span><span><\/span><\/td>\n<\/tr>\n<tr>\n<td>AGING<\/td>\n<td>35% in French oak big barrels, 65% in the inox tanks<\/td>\n<\/tr>\n<tr>\n<td>DURATION OF AGING<\/td>\n<td><span>3 years <\/span><span><\/span><\/td>\n<\/tr>\n<tr>\n<td>CHEMICAL ANALYSIS<\/td>\n<td><span>alcohol<b>\u2013<\/b>14 vol%, pH\u20133.50, total acids \u20135.30 g\/l<\/span><span><\/span><\/td>\n<\/tr>\n<\/tbody>\n<\/table>\n","protected":false},"excerpt":{"rendered":"<p><span>The colour of the wine is dark ruby.On nose, expressed, fruity aromas with the dominating blackberry and cherry aromas . Well balanced wine with noticeable tannins that are finely harmonized with the tones of the ripe, red fruit. The wine is full bodied and longlasting. <\/span><span><\/span><\/p>\n","protected":false},"featured_media":9703,"template":"","meta":[],"product_brand":[],"product_cat":[63],"product_tag":[],"class_list":{"0":"post-669","1":"product","2":"type-product","3":"status-publish","4":"has-post-thumbnail","6":"product_cat-premium-en","8":"first","9":"instock","10":"shipping-taxable","11":"product-type-simple"},"_links":{"self":[{"href":"https:\/\/stari.plantaze.com\/en\/wp-json\/wp\/v2\/product\/669","targetHints":{"allow":["GET"]}}],"collection":[{"href":"https:\/\/stari.plantaze.com\/en\/wp-json\/wp\/v2\/product"}],"about":[{"href":"https:\/\/stari.plantaze.com\/en\/wp-json\/wp\/v2\/types\/product"}],"wp:featuredmedia":[{"embeddable":true,"href":"https:\/\/stari.plantaze.com\/en\/wp-json\/wp\/v2\/media\/9703"}],"wp:attachment":[{"href":"https:\/\/stari.plantaze.com\/en\/wp-json\/wp\/v2\/media?parent=669"}],"wp:term":[{"taxonomy":"product_brand","embeddable":true,"href":"https:\/\/stari.plantaze.com\/en\/wp-json\/wp\/v2\/product_brand?post=669"},{"taxonomy":"product_cat","embeddable":true,"href":"https:\/\/stari.plantaze.com\/en\/wp-json\/wp\/v2\/product_cat?post=669"},{"taxonomy":"product_tag","embeddable":true,"href":"https:\/\/stari.plantaze.com\/en\/wp-json\/wp\/v2\/product_tag?post=669"}],"curies":[{"name":"wp","href":"https:\/\/api.w.org\/{rel}","templated":true}]}}

<p>After seven years of research and tens of different micro and macro trials, at the beginning of the ‘90s a completely new technology of the vinification was designed and in 1993, Vranac of the specific name ‘Pro Corde(‘for heart’) was launched at the market.Traditional maceration and vinification were performed during production of the wine Pro Corde, by special technological procedure, resulting in the increased contents of proanthocyanidols, natural ingredients of the grapes that can bind the free radicals and they have a beneficial effect on the human body. The colour of the wine is dark ruby.On nose, expressed , fruity aromas with the dominating blackberry and cherry aromas . Well balanced wine with noticeable tannins that are finely harmonized with the tones of the ripe, red fruit. The wine is full bodied and longlasting.</p>
<hr />
<h3>Serving</h3>
<p>Temperature: 17-18<span lang="sr-Latn-BA">°C</span></p>
<p>Glass: U<span>niversal red wine glass </span></p>
<div>
<hr />
</div>
<h3><strong>Food pairing</strong></h3>
<p>Pro Corde is ideal with the good quality, young beef meat-  the beefsteaks, roasted lamb meat, game meat as well as with the poultry-with the roasted goose or duck . It matches great with the spicy goulash as well as with the grilled tuna fish. It is perfect with mature, hard cheese.</p>
<hr />
<p><strong>Awards</strong></p>
<table>
<tbody>
<tr>
<td width="349"><strong style="font-family: inherit; font-size: inherit;">2019</strong></p>
<p>Pro Corde 2015, Silver medal, Decanter World Wine Awards, London</p>
<p>Pro Corde 2015, Silver medal, AWC Vienna</p>
<p>Pro Corde 2015, Silver medal, CWSA, Hong Kong</p>
<p><strong>2018</strong></p>
<p>Pro Corde 2013, Silver medal, AWC, Vienna</p>
<p>Pro Corde 2013, Bronze medal, BIWC, Sophia</p>
<p><strong>2017</strong></p>
<p>Vranac Pro Corde 2013, Silver medal, Mundus Vini, Germany</p>
<p>Pro Corde 2013, AWC Vienna, Gold medal</p>
<p>Pro Corde 2013, Silver medal, BIWC, Sophia</p>
<p><strong>2014</strong></p>
<p>Vranac Pro Corde 2011, Silver medal, MUNSUS VINI 2014, Germany</p>
<p>Vranac Pro Corde 2011, Silver medal, IWSC 2014, Great Britain</p>
<p>Vranac Pro Corde 2011, Silver medal, Vinagora, Hungary</p>
<p>Vranac Pro Corde 2011, Gold medal, Vino Ljubljana, Slovenia</p>
<p><strong>2013</strong></p>
<p>Vranac Pro Corde 2010, Bronze medal, Decanter Word Wine Awards, Great Britain</p>
<p>Vranac Pro Corde 2010, Gold medal, Balkan International Wine Competition and Festival, Bulgaria</p>
<p>Vranac Pro Corde 2010, Gold medal, International Wine Contest Bucharest, Bulgaria</p>
<p>Vranac Pro Corde 2010, Silver medal, Mundus Vini, Germany</p>
<p>Vranac Pro Corde 2010, Silver medal, AWC Vienna, Austria</p>
<p><strong>2012</strong></p>
<p>Vranac Pro Corde 2007, Silver medal, Wine Festival San Antonio, USA</p>
<p>Vranac Pro Corde 2010, Gold medal, AWC Vienna, Austria</p>
<p>Vranac Pro Corde 2009, Silver medal, MONDE SELECTION, Belgium</p>
<p>Vranac Pro Corde 2009, Silver medal, The China Wine Awards, Hong Kong</p>
<p>Vranac Pro Corde 2009, Gold medal, International Fair Novi Sad, Serbia</p>
<p>Vranac Pro Corde 2009, Gold medal, Jadranski sajam Budva, Montenegro</p>
<p><strong>2011</strong></p>
<p>Vranac Pro Corde 2008, Silver medal, Decanter, Great Britain</p>
<p>Vranac Pro Corde 2008, Silver medal, Mundus Vini, Germany</p>
<p>Vranac Pro Corde 2008, Bronze medal, China Wine Awards, China</p>
<p>Vranac Pro Corde 2008, Gold medal, Jadranski sajam Budva, Montenegro</p>
<p>Vranac Pro Corde 2008, Gold medal, International Fair Novi Sad, Serbia</p>
<p><strong>2010</strong></p>
<p>Vranac Pro Corde 2007, Gold medal, Les Citadelles Du Vin, France</p>
<p>Vranac Pro Corde 2007, Gold medal, Vinagora, Hungary</p>
<p>Vranac Pro Corde 2007, Gold medal, AWC Vienna, Austria</p>
<p>Vranac Pro Corde 2007, Silver medal, Vino Slovenija, Slovenia</p>
<p>Vranac Pro Corde 2007, Gold medal, VINOVITA, Croatia</p>
<p>Vranac Pro Corde 2007, Gold medal, Gast Mix, Croatia</p>
<p>Vranac Pro Corde 2007, Gold medal, Jadranski sajam Budva, Montenegro</td>
</tr>
</tbody>
</table>
<h3><strong>Harvest</strong></h3>
<p>Despite extremely high temperatures and dry weather, the harvest 2015 was of the extraordinary quality, not only for the production of the reds, but also of the whites. The grapes were in the excellent health condition. The harvest was done by night only (due to low temperatures) for preserving full, aromatic potential of the grapes.</p>
<h3><strong>Vineyard </strong></h3>
<table>
<tbody>
<tr>
<td>VITICULTURAL AREA</td>
<td><span>Podgorica subregion, Montenegrin basin of Lake Skadar</span><span></span></td>
</tr>
<tr>
<td>LOCATION</td>
<td>Ćemovsko polje, microlocalities : Šipčanik<span>  </span>and Aerodrom</td>
</tr>
<tr>
<td>EXPOSITION</td>
<td>east-west</td>
</tr>
<tr>
<td>SOIL</td>
<td><span>shallow, skeletal soil </span><span></span></td>
</tr>
<tr>
<td>PLANTING DENSITY</td>
<td><span>2.60×0.80 m</span></td>
</tr>
<tr>
<td>CULTIVATION</td>
<td><span lang="FR">bilateral Guyot </span><span></span></td>
</tr>
<tr>
<td>AVERAGE AGE OF GRAPEVINE</td>
<td><span lang="FR">36 years</span><span></span></td>
</tr>
</tbody>
</table>
<h3><strong>Technical information</strong></h3>
<table>
<tbody>
<tr>
<td>GRAPE VARIETY</td>
<td><span>100% Vranac</span><span></span></td>
</tr>
<tr>
<td>YIELD</td>
<td><span>7<b>–</b>8 t/ha</span><span></span></td>
</tr>
<tr>
<td>HARVEST TIME</td>
<td> September, manually</td>
</tr>
<tr>
<td>VINIFICATION</td>
<td><span>vinification in the inox tank </span><span></span></td>
</tr>
<tr>
<td>TEMPERATURE OF FERMENTATION</td>
<td>up to 18 °C</td>
</tr>
<tr>
<td><span>Length of fermentation</span><span></span></td>
<td><span>10–12 days</span><span></span></td>
</tr>
<tr>
<td>MALOLACTIC FERMENTATION</td>
<td><span>spontaneous</span><span></span></td>
</tr>
<tr>
<td>AGING</td>
<td>35% in French oak big barrels, 65% in the inox tanks</td>
</tr>
<tr>
<td>DURATION OF AGING</td>
<td><span>3 years </span><span></span></td>
</tr>
<tr>
<td>CHEMICAL ANALYSIS</td>
<td><span>alcohol<b>–</b>14 vol%, pH–3.50, total acids –5.30 g/l</span><span></span></td>
</tr>
</tbody>
</table>
